23. Calculate j(-6).
-5
Let u(z) = 7*z + 39. What is u(-6)?
-3
Let y(h) = -2*h**3 + 2*h + 1. Determine y(-1).
1
Let n(j) = 6*j - 6. What is n(-3)?
-24
Let b(l) = 31*l + 471. Give b(-15).
6
Let w(v) = -3*v**2 + 8*v + 4. Calculate w(-3).
-47
Let w(q) = -q + 20. Calculate w(6).
14
Let d(n) = -n**3 - 6*n**2 + n. Calculate d(-4).
-36
Let v(b) = -b**3 + 7*b**2 - 12*b - 4. Calculate v(3).
-4
Let j(c) = 33*c - 274. Calculate j(8).
-10
Let k(a) = a**3 - 7*a**2 + 8*a - 7. Give k(6).
5
Let v(u) = -7*u - 13. What is v(8)?
-69
Let a(t) = 4*t - 32. What is a(7)?
-4
Let q(l) = -2*l**3 - 4*l**2 + 3*l. Give q(-3).
9
Let g(p) = -p**3 - p**2 - p + 5. What is g(0)?
5
Let v(l) = -l**3 + 5*l**2 + l + 32. Determine v(6).
2
Let l(f) = -8*f + 58. Give l(7).
2
Let c(x) = x**3 - 10*x**2 + 6*x + 21. What is c(9)?
-6
Let u(p) = -p**2 - 17*p - 19. Determine u(-13).
33
Let h(i) = -43*i + 14. Determine h(1).
-29
Let b(u) = -u**3 - 8*u**2 - 5*u + 48. What is b(-6)?
6
Let m(p) = -4*p**2 - 73*p - 7. Calculate m(-18).
11
Let g(x) = 2*x**3 - 5*x - 5. Determine g(-2).
-11
Let w(y) = y**3 - 15*y**2 + 26*y - 15. What is w(13)?
-15
Let u(n) = n**3 - 16*n**2 - 13*n - 23. What is u(17)?
45
Let t(l) = -44*l + 4. What is t(2)?
-84
Let l(c) = c - 61. Determine l(19).
-42
Let x(j) = -3*j**3 - 6*j**2 - 10*j - 1. What is x(-3)?
56
Let s(n) = n**3 - 9*n**2 - n + 3. What is s(9)?
-6
Let g(k) = 2*k + 8. Determine g(6).
20
Let v(b) = b**3 + 4*b**2 - 4*b - 9. Determine v(-4).
7
Let a(f) = -24*f**3 - 2*f**2 - 5*f - 3. Determine a(-1).
24
Let l(r) = -2*r**3 - r**2 + 4*r - 2. Determine l(1).
-1
Let c(j) = -j**3 - 7*j**2 + 9*j + 11. Determine c(-8).
3
Let x(i) = 3*i - 28. Calculate x(10).
2
Let o(i) = -i**3 + 5*i**2 - i + 20. Give o(5).
15
Let j(c) = c**2 + 24*c + 105. Determine j(-19).
10
Let r(l) = 14*l - 27. What is r(5)?
43
Let p(j) = 2*j**2 - 5*j - 23. What is p(6)?
19
Let u(j) = -7*j**3 - j**2 + 3*j - 3. What is u(2)?
-57
Let q(b) = -10*b**2 - b - 1. Give q(0).
-1
Let v(h) = h**2 + 29*h + 125. Calculate v(-23).
-13
Let x(a) = a**3 + 11*a**2 + 11*a - 5. Calculate x(-9).
58
Let a(z) = 4*z + 16. Calculate a(-7).
-12
Let i(w) = -2*w - 3. Determine i(-10).
17
Let n(p) = -p**2 + 4*p + 24. Calculate n(-10).
-116
Let b(f) = -10*f**2 + 219*f + 28. What is b(22)?
6
Let h(n) = -n + 13. Calculate h(21).
-8
Let y(p) = 3*p**3 - 11*p**2 + 6*p - 19. Give y(5).
111
Let l(f) = 3*f - 3. Calculate l(0).
-3
Let s(v) = -16*v**3 - 2*v**2 + v. Determine s(1).
-17
Let u(b) = b**3 - 22. Give u(0).
-22
Let u(d) = 2*d**2 - 8*d - 9. What is u(5)?
1
Let q(b) = b**2 + 6*b - 6. What is q(-7)?
1
Let t(l) = -5*l - 38. Determine t(-8).
2
Let g(o) = o**3 + 5*o**2 - 11*o - 13. Determine g(-6).
17
Let t(k) = k - 75. Determine t(0).
-75
Let k(x) = -5*x + 10. Give k(6).
-20
Let j(q) = 3*q**2 - 16*q + 15. What is j(1)?
2
Let q(g) = -g**2 + 2*g + 13. Give q(5).
-2
Let h(y) = -y**3 - 5*y**2 - 5*y + 1. Determine h(-6).
67
Let h(z) = 8*z - 7. Determine h(4).
25
Let u(l) = 33*l + 45. Give u(-3).
-54
Let c(s) = -s + 12. Give c(8).
4
Let u(f) = -12*f**2 - 3*f + 2. Calculate u(1).
-13
Let s(h) = h**3 - 30*h**2 - 40*h + 276. Give s(31).
-3
Let z(v) = -v**3 - 12*v**2 + 13*v + 3. Calculate z(-13).
3
Let b(p) = -2*p**2 + 4*p + 6. What is b(4)?
-10
Let t(w) = -3*w**2 + 1. What is t(1)?
-2
Let g(q) = 38*q**2 + q. Calculate g(1).
39
Let v(r) = -4*r + 78. What is v(20)?
-2
Let b(g) = -g**2 + 11. Determine b(-3).
2
Let d(p) = 11*p - 170. Give d(15).
-5
Let y(x) = -35*x - 3. Give y(0).
-3
Let y(w) = w**2 - 15*w + 7. Determine y(14).
-7
Let x(o) = 2*o**2 + 12*o - 26. Give x(-8).
6
Let z(o) = -o**2 + 14*o + 6. Calculate z(14).
6
Let f(q) = -q**3 - 8*q**2 - 13*q - 9. What is f(-6)?
-3
Let i(q) = 3*q - 4. Calculate i(-3).
-13
Let c(n) = -n**3 - 19*n**2 - 46*n + 32. Determine c(-16).
0
Let t(u) = -u**2 + 6*u - 4. Determine t(5).
1
Let t(n) = n**3 - n**2 - 30*n - 8. Give t(6).
-8
Let p(a) = -a**3 + 19*a**2 + 19*a + 30. Calculate p(20).
10
Let g(h) = -21*h - 4. Give g(-1).
17
Let m(o) = 4*o**2 + 16*o + 1. What is m(-4)?
1
Let u(c) = -c**2 + 7*c - 8. Give u(3).
4
Let r(m) = -m**3 - 8*m**2 + 9*m + 5. Give r(-9).
5
Let r(s) = s**2 - 16*s + 10. Calculate r(16).
10
Let d(r) = 77*r - 3. Calculate d(1).
74
Let f(l) = l**2 + 4*l - 54. Determine f(-10).
6
Let m(r) = r - 1. Give m(8).
7
Let i(v) = -2*v**2 + 4. Give i(3).
-14
Let z(h) = 5*h**2 + 8*h + 6. Determine z(-1).
3
Let n(k) = -k**2 + 16*k - 45. Give n(11).
10
Let t(p) = -2*p**2 + 6*p - 1. What is t(2)?
3
Let w(b) = -b**2 + 15*b - 7. Calculate w(14).
7
Let j(m) = -10*m - 9. Give j(-3).
21
Let f(s) = -s**2 + 7*s - 1. Determine f(3).
11
Let u(k) = k**2 - k. Determine u(7).
42
Let c(z) = -z. What is c(6)?
-6
Let c(y) = -y**2 - 27*y + 56. What is c(-29)?
-2
Let d(q) = 26*q + 395. What is d(-15)?
5
Let q(k) = k**2 - k + 8. Determine q(5).
28
Let x(v) = -137*v + 256. Give x(2).
-18
Let u(y) = -y**3 - 8*y**2 - y + 10. Calculate u(-8).
18
Let v(n) = n**3 - 6*n**2 + 16*n - 9. Give v(5).
46
Let s(f) = f**2 - 2. What is s(-3)?
7
Let o(d) = -2*d**2 - d - 1. Give o(-4).
-29
Let d(b) = b**2 - 14*b + 1. Give d(15).
16
Let n(f) = -30*f - 1443. Determine n(-48).
-3
Let d(t) = -t**3 - 4*t**2 + 2*t + 4. Calculate d(0).
4
Let l(c) = -6*c - 4. Determine l(-4).
20
Let m(q) = -q**2 - 29*q - 196. Determine m(-10).
-6
Let v(z) = z**3 - 2*z**2 - 5*z + 9. Calculate v(4).
21
Let h(n) = -3*n**2 + 52*n + 29. Give h(18).
-7
Let f(o) = 2*o**2 + 10*o + 6. Calculate f(-6).
18
Let m(s) = -s**2 + 3*s + 3. Calculate m(-3).
-15
Let z(a) = a**3 + 5*a**2 + 6. Determine z(-5).
6
Let s(l) = -15*l - 2. Calculate s(-2).
28
Let t(r) = -r**2 - 11*r - 6. Calculate t(-9).
12
Let c(l) = -l + 13. Calculate c(19).
-6
Let s(v) = 17*v - 126. Calculate s(7).
-7
Let a(v) = v**3 + 6*v**2 - 3*v + 4. Give a(-6).
22
Let m(o) = 3*o**3 - 106*o**2 + 32*o + 122. What is m(35)?
17
Let w(z) = -18*z - 26. What is w(-1)?
-8
Let k(s) = -2*s - 17. Calculate k(-10).
3
Let y(r) = -r**3 - r**2 - r + 1. Calculate y(0).
1
Let x(l) = -l**2 + 14*l - 9. What is x(12)?
15
Let w(h) = h**3 + 11*h**2 - 27*h - 14. Determine w(-13).
-1
Let f(r) = 2*r + 10. What is f(-4)?
2
Let k(n) = 9*n - 2. Determine k(1).
7
Let b(p) = -10*p**2 + 8*p - 1. What is b(1)?
-3
Let y(u) = -u + 8. Calculate y(-10).
18
Let x(n) = -n + 51. What is x(25)?
26
Let j(o) = -53*o - 79. Calculate j(-2).
27
Let k(b) = b**3 + 9*b**2 - b - 11. What is k(-6)?
103
Let v(d) = d - 22. Calculate v(26).
4
Let l(t) = t**3 + 4*t**2 - 1. Calculate l(-3).
8
Let a(u) = u**2 + 45. What is a(0)?
45
Let w(p) = 4*p - 1. Give w(-1).
-5
Let n(f) = f - 12. Determine n(9).
-3
Let c(y) = -32*y + 325. Give c(11).
-27
Let z(a) = a**3 + 4*a**2 - 21*a + 2. What is z(-7)?
2
Let r(m) = -m**3 + 6*m**2 + 16*m + 3. Give r(8).
3
Let u(f) = f**3 - 7*f**2 + 6*f + 5. Determine u(6).
5
Let w(t) = t**2 - 6*t - 10. Calculate w(7).
-3
Let s(z) = z**2 - 6*z - 2. Give s(6).
-2
Let r(h) = -h**3 + 15*h**2 - 14*h + 16. Calculate r(13).
172
Let u(i) = i + 17. Give u(17).
34
Let m(y) = -y**2 + 108*y + 453. Determine m(-4).
5
Let s(w) = -40*w + 9. Give s(-5).
209
Let t(l) = 23*l + 63. What is t(-3)?
-6
Let y(o) = -2*o + 5. Give y(0).
5
Let c(u) = -35*u**3 - 2*u**2 + 2*u - 1. What is c(1)?
-36
Let z(m) = -9*m - 60. Calculate z(-7).
3
Let a(z) = -12*z + 4. Calculate a(-3).
40
Let y(n) = -n**2 - n - 16. Determine y(0).
-16
Let d(g) = g**3 - 12*g**2 + 13*g - 6. Calculate d(11).
16
Let s(o) = 2*o**3 - 2*o**2 - 5*o - 6. Calculate s(-3).
-63
Let v(z) = z - 10. Calculate v(4).
-6
Let d(p) = 4*p - 23. Determine d(-9).
-59
Let n(w) = -8*w - 33. Calculate n(-3).
-9
Let f(n) = -n**2 + 25*n - 81. What is f(4)?
3
Let z(b) = 2*b**3 - 2*b**2 + 2*b + 4. Calculate z(3).
46
Let c(z) = -z - 21. Give c(-11).
-10
Let m(v) = -v**2 - 5*v + 13. Determine m(-6).
7
Let y(d) = -d**3 + 15*d**2 - 17*d + 30. What is y(14)?
-12
Let g(b) = -b**3 - 15*b**2 - 12*b + 10. Calculate g(-14).
-18
Let h(j) = -j**3 + 31*j**2 - 54*j - 111. Calculate h(29).
5
Let m(v) = v**2 - 14*v + 19. Give m(13).
6
Let u(v) = -v**2 - 9*v - 11. Give u(-7).
3
Let i(k) = -2*k**2 - 3*k - 6. What is i(-5)?
-41
Let v(n) = -9*n + 92. Give v(11).
-7
Let z(q) = 19*q - 14. Give z(1).
5
Let g(m) = m**3 - 2*m**2 - 2*m. Calculate g(-1).
-1
Let a(o) = -13*o - 139. Give a(-11).
4
Let g(y) = -23*y**3 + y**2 - 1. Determine g(1).
-23
Let y(p